{"id":68,"date":"2025-04-14T17:33:07","date_gmt":"2025-04-14T17:33:07","guid":{"rendered":"http:\/\/studirat.de\/?page_id=68"},"modified":"2026-02-10T16:20:46","modified_gmt":"2026-02-10T16:20:46","slug":"referate","status":"publish","type":"page","link":"http:\/\/studirat.de\/index.php\/referate\/","title":{"rendered":"Kontakt"},"content":{"rendered":"\n<p>Wir sind der Studierendenrat der Filmuniversit\u00e4t Konrad Wolf, kurz: StuRa. Wenn ihr etwas an der Uni ver\u00e4ndern wollt, Unterst\u00fctzung braucht oder Ideen f\u00fcr ein tolles Projekt habt, dann kommt zu uns, schreibt uns oder sprecht uns an!<br>Wir haben uns in verschiedene Referate aufgeteilt: <strong>Finanzen, \u00d6ffentlichkeitsarbeit, Kultur, Versicherung, Soziales, Hochschulpolitik (Innen, Au\u00dfen, Mobilit\u00e4t) und Antidiskriminierung<\/strong>. Wende dich gerne bei Fragen an uns!<\/p>\n\n\n\n<h5 class=\"wp-block-heading has-text-align-center\">studirat@filmuniversitaet.de<\/h5>\n\n\n\n<div class=\"wp-block-buttons is-content-justification-center is-layout-flex wp-container-core-buttons-is-layout-a89b3969 wp-block-buttons-is-layout-flex\">\n<div class=\"wp-block-button\"><a class=\"wp-block-button__link wp-element-button\" href=\"https:\/\/www.instagram.com\/filmunistura\/\">Instagram: @filmunistura<\/a><\/div>\n<\/div>\n\n\n\n<div class=\"wp-block-columns is-layout-flex wp-container-core-columns-is-layout-28f84493 wp-block-columns-is-layout-flex\">\n<div class=\"wp-block-column is-vertically-aligned-top is-layout-flow wp-block-column-is-layout-flow\" style=\"flex-basis:100%\">\n<div class=\"wp-block-group is-layout-grid wp-container-core-group-is-layout-02ba0288 wp-block-group-is-layout-grid\" style=\"margin-top:0;margin-bottom:0;padding-top:0;padding-bottom:0\">\n<p class=\"has-text-align-left wp-container-content-e29552f7\"><strong>Vorsitz<\/strong><br>Felix Mei\u00dfner (BA Digitale Medienkultur)<br>stellv. Marie Beuthien (BA Szenografie)<br><em>studirat@filmuniversitaet.de<\/em><\/p>\n\n\n\n<p class=\"has-text-align-left wp-container-content-e29552f7\"><strong>Finanzen<\/strong><br>Ruben Schmidt (MA Medienwissenschaften)&nbsp;<br>Jona Lieblang (BA Digitale Medienkultur)<br><em>finanzen@studirat.de<\/em><\/p>\n\n\n\n<p class=\"wp-container-content-e29552f7\"><strong>\u00d6ffentlichkeitsarbeit<\/strong><br>Felix Mei\u00dfner (BA Digitale Medienkultur)<br>Tommes Diallo (BA Schauspiel)<br><em>info@studirat.de<\/em><\/p>\n\n\n\n<p class=\"wp-container-content-e29552f7\"><strong>Kultur<\/strong><br>Hannah Matthiesen (BA Szenografie)<br>Larissa Vo\u00df (BA Digitale Medienkultur)<br><em>kultur@studirat.de<\/em><\/p>\n\n\n\n<p class=\"wp-container-content-e29552f7\"><strong>Versicherung<\/strong><br>Marie Beuthien (BA Szenografie)<br>Fiona Freitag (BA Digitale Medienkultur)<br><em>versicherung@studirat.de<\/em><\/p>\n\n\n\n<p class=\"wp-container-content-e29552f7\"><strong>Soziales<\/strong><br>Hanna Lehmann (BA Szenografie)<br>Silas Degen (BA Drehbuch\/Dramaturgie)<br><em>soziales@studirat.de<\/em><\/p>\n\n\n\n<p class=\"wp-container-content-e29552f7\"><strong>Hochschulpolitik Au\u00dfen&nbsp;<\/strong>(Studierendenwerk):&nbsp;<br>Robert Emil Tappe (BA Film- und Fernsehproduktion)<br>Merrill Hagemann (MA Film- und Fernsehproduktion)<br><em>hopo_aussen@studirat.de<\/em><\/p>\n\n\n\n<p class=\"wp-container-content-e29552f7\"><strong>Hochschulpolitik Innen<\/strong><br>Oskar Lukas (BA Digitale Medienkultur)<br>Tommes Diallo (BA Schauspiel)<br><em>hopo_innen@studirat.de<\/em><\/p>\n\n\n\n<p class=\"wp-container-content-e29552f7\"><strong>Mobilit\u00e4t<\/strong><br>Nikolas Hoose (BA Film- und Fernsehproduktion)<br><em>mobilitaet@studirat.de&nbsp;<\/em><\/p>\n\n\n\n<p class=\"wp-container-content-5f80b302\"><strong>Gesundheit<\/strong><br>Marie Beuthien (BA Szenografie)<br>Serge Mateso (BA Schauspiel)<br>gesundheit@studirat.de<\/p>\n\n\n\n<p class=\"wp-container-content-e29552f7\"><strong>Antidiskriminierung<\/strong><br>Robert Emil Tappe (BA Film- und Fernsehproduktion)<br>Marie Beuthien (BA Szenografie)<br>Hanna Lehmann (BA Szenografie)<br>Hannah Proch (BA Digitale Medienkultur)<br><em>antidiskriminierung@studirat.de<\/em><\/p>\n\n\n\n<p><\/p>\n\n\n\n<p><\/p>\n<\/div>\n<\/div>\n<\/div>\n\n\n\n<p><\/p>\n\n\n\n<p><\/p>\n","protected":false},"excerpt":{"rendered":"<p>Wir sind der Studierendenrat der Filmuniversit\u00e4t Konrad Wolf, kurz: StuRa. Wenn ihr etwas an der Uni ver\u00e4ndern wollt, Unterst\u00fctzung braucht [&hellip;]<\/p>\n","protected":false},"author":1,"featured_media":0,"parent":0,"menu_order":0,"comment_status":"closed","ping_status":"closed","template":"","meta":{"site-sidebar-layout":"default","site-content-layout":"","ast-site-content-layout":"default","site-content-style":"default","site-sidebar-style":"default","ast-global-header-display":"","ast-banner-title-visibility":"","ast-main-header-display":"","ast-hfb-above-header-display":"","ast-hfb-below-header-display":"","ast-hfb-mobile-header-display":"","site-post-title":"","ast-breadcrumbs-content":"","ast-featured-img":"","footer-sml-layout":"","ast-disable-related-posts":"","theme-transparent-header-meta":"","adv-header-id-meta":"","stick-header-meta":"","header-above-stick-meta":"","header-main-stick-meta":"","header-below-stick-meta":"","astra-migrate-meta-layouts":"default","ast-page-background-enabled":"default","ast-page-background-meta":{"desktop":{"background-color":"var(--ast-global-color-5)","background-image":"","background-repeat":"repeat","background-position":"center center","background-size":"auto","background-attachment":"scroll","background-type":"","background-media":"","overlay-type":"","overlay-color":"","overlay-opacity":"","overlay-gradient":""},"tablet":{"background-color":"","background-image":"","background-repeat":"repeat","background-position":"center center","background-size":"auto","background-attachment":"scroll","background-type":"","background-media":"","overlay-type":"","overlay-color":"","overlay-opacity":"","overlay-gradient":""},"mobile":{"background-color":"","background-image":"","background-repeat":"repeat","background-position":"center center","background-size":"auto","background-attachment":"scroll","background-type":"","background-media":"","overlay-type":"","overlay-color":"","overlay-opacity":"","overlay-gradient":""}},"ast-content-background-meta":{"desktop":{"background-color":"var(--ast-global-color-4)","background-image":"","background-repeat":"repeat","background-position":"center center","background-size":"auto","background-attachment":"scroll","background-type":"","background-media":"","overlay-type":"","overlay-color":"","overlay-opacity":"","overlay-gradient":""},"tablet":{"background-color":"var(--ast-global-color-4)","background-image":"","background-repeat":"repeat","background-position":"center center","background-size":"auto","background-attachment":"scroll","background-type":"","background-media":"","overlay-type":"","overlay-color":"","overlay-opacity":"","overlay-gradient":""},"mobile":{"background-color":"var(--ast-global-color-4)","background-image":"","background-repeat":"repeat","background-position":"center center","background-size":"auto","background-attachment":"scroll","background-type":"","background-media":"","overlay-type":"","overlay-color":"","overlay-opacity":"","overlay-gradient":""}},"footnotes":""},"class_list":["post-68","page","type-page","status-publish","hentry"],"_links":{"self":[{"href":"http:\/\/studirat.de\/index.php\/wp-json\/wp\/v2\/pages\/68","targetHints":{"allow":["GET"]}}],"collection":[{"href":"http:\/\/studirat.de\/index.php\/wp-json\/wp\/v2\/pages"}],"about":[{"href":"http:\/\/studirat.de\/index.php\/wp-json\/wp\/v2\/types\/page"}],"author":[{"embeddable":true,"href":"http:\/\/studirat.de\/index.php\/wp-json\/wp\/v2\/users\/1"}],"replies":[{"embeddable":true,"href":"http:\/\/studirat.de\/index.php\/wp-json\/wp\/v2\/comments?post=68"}],"version-history":[{"count":25,"href":"http:\/\/studirat.de\/index.php\/wp-json\/wp\/v2\/pages\/68\/revisions"}],"predecessor-version":[{"id":451,"href":"http:\/\/studirat.de\/index.php\/wp-json\/wp\/v2\/pages\/68\/revisions\/451"}],"wp:attachment":[{"href":"http:\/\/studirat.de\/index.php\/wp-json\/wp\/v2\/media?parent=68"}],"curies":[{"name":"wp","href":"https:\/\/api.w.org\/{rel}","templated":true}]}}